2?
2, 373
List the prime factors of 20006.
2, 7, 1429
What are the prime factors of 1742?
2, 13, 67
What are the prime factors of 3180?
2, 3, 5, 53
What are the prime factors of 1056?
2, 3, 11
List the prime factors of 5766.
2, 3, 31
What are the prime factors of 108660?
2, 3, 5, 1811
List the prime factors of 21571.
11, 37, 53
What are the prime factors of 10855?
5, 13, 167
List the prime factors of 4610.
2, 5, 461
What are the prime factors of 2132?
2, 13, 41
What are the prime factors of 96?
2, 3
What are the prime factors of 26985?
3, 5, 7, 257
What are the prime factors of 6892?
2, 1723
List the prime factors of 1428.
2, 3, 7, 17
List the prime factors of 34893.
3, 3877
What are the prime factors of 2041?
13, 157
List the prime factors of 296.
2, 37
What are the prime factors of 6087?
3, 2029
What are the prime factors of 556?
2, 139
What are the prime factors of 11467?
11467
What are the prime factors of 35586?
2, 3, 659
List the prime factors of 71967.
3, 7, 23, 149
What are the prime factors of 14391?
3, 13, 41
List the prime factors of 16395.
3, 5, 1093
List the prime factors of 1810.
2, 5, 181
List the prime factors of 640.
2, 5
What are the prime factors of 15244?
2, 37, 103
What are the prime factors of 860?
2, 5, 43
What are the prime factors of 7856?
2, 491
List the prime factors of 2742.
2, 3, 457
What are the prime factors of 976?
2, 61
List the prime factors of 936.
2, 3, 13
What are the prime factors of 67083?
3, 59, 379
What are the prime factors of 2628?
2, 3, 73
List the prime factors of 12709.
71, 179
List the prime factors of 1471.
1471
List the prime factors of 12297.
3, 4099
What are the prime factors of 975?
3, 5, 13
What are the prime factors of 78410?
2, 5, 7841
List the prime factors of 11779.
11779
What are the prime factors of 8958?
2, 3, 1493
What are the prime factors of 899?
29, 31
List the prime factors of 4075.
5, 163
List the prime factors of 600.
2, 3, 5
List the prime factors of 4095.
3, 5, 7, 13
What are the prime factors of 46928?
2, 7, 419
What are the prime factors of 196?
2, 7
List the prime factors of 727.
727
List the prime factors of 987.
3, 7, 47
What are the prime factors of 707?
7, 101
What are the prime factors of 3245?
5, 11, 59
List the prime factors of 185583.
3, 61861
List the prime factors of 62499.
3, 83, 251
What are the prime factors of 7466?
2, 3733
What are the prime factors of 3036?
2, 3, 11, 23
What are the prime factors of 667?
23, 29
What are the prime factors of 3889?
3889
List the prime factors of 451.
11, 41
List the prime factors of 2929.
29, 101
What are the prime factors of 484?
2, 11
What are the prime factors of 27298?
2, 13649
What are the prime factors of 12543?
3, 37, 113
List the prime factors of 319.
11, 29
What are the prime factors of 23045?
5, 11, 419
List the prime factors of 4887.
3, 181
What are the prime factors of 729?
3
List the prime factors of 69100.
2, 5, 691
List the prime factors of 157383.
3, 29, 67
List the prime factors of 4504.
2, 563
What are the prime factors of 102379?
37, 2767
What are the prime factors of 1387?
19, 73
What are the prime factors of 3035?
5, 607
What are the prime factors of 4142?
2, 19, 109
What are the prime factors of 2072?
2, 7, 37
What are the prime factors of 520?
2, 5, 13
What are the prime factors of 144567?
3, 16063
What are the prime factors of 2584?
2, 17, 19
What are the prime factors of 19509?
3, 7, 929
List the prime factors of 2306.
2, 1153
List the prime factors of 50066.
2, 25033
List the prime factors of 1152.
2, 3
What are the prime factors of 6244?
2, 7, 223
What are the prime factors of 1648?
2, 103
What are the prime factors of 58101?
3, 107, 181
What are the prime factors of 744?
2, 3, 31
What are the prime factors of 18581?
17, 1093
List the prime factors of 8610.
2, 3, 5, 7, 41
List the prime factors of 4067.
7, 83
List the prime factors of 632.
2, 79
List the prime factors of 891.
3, 11
What are the prime factors of 2122?
2, 1061
What are the prime factors of 9779?
7, 11, 127
List the prime factors of 88903.
88903
List the prime factors of 22729.
7, 17, 191
What are the prime factors of 13336?
2, 1667
What are the prime factors of 4155?
3, 5, 277
List the prime factors of 854.
2, 7, 61
What are the prime factors of 13546?
2, 13, 521
List the prime factors of 1674.
2, 3, 31
List the prime factors of 3584.
2, 7
What are the prime factors of 10148?
2, 43, 59
What are the prime factors of 699?
3, 233
List the prime factors of 2011.
2011
What are the prime factors of 512?
2
What are the prime factors of 12517?
12517
List the prime factors of 743.
743
What are the prime factors of 314?
2, 157
What are the prime factors of 12706?
2, 6353
List the prime factors of 1876.
2, 7, 67
List the prime factors of 645.
3, 5, 43
List the prime factors of 1156.
2, 17
List the prime factors of 18189.
3, 43, 47
What are the prime factors of 4226?
2, 2113
What are the prime factors of 81603?
3, 9067
What are the prime factors of 8747?
8747
What are the prime factors of 519?
3, 173
What are the prime factors of 5279?
5279
List the prime factors of 1018.
2, 509
List the prime factors of 29452.
2, 37, 199
What are the prime factors of 34667?
34667
List the prime factors of 12457.
12457
List the prime factors of 9294.
2, 3, 1549
List the prime factors of 8976.
2, 3, 11, 17
List the prime factors of 69419.
7, 47, 211
What are the prime factors of 373?
373
What are the prime factors of 953?
953
What are the prime factors of 1543?
1543
List the prime factors of 111497.
111497
List the prime factors of 2280.
2, 3, 5, 19
What are the prime factors of 11863?
11863
List the prime factors of 123894.
2, 3, 6883
List the prime factors of 4173.
3, 13, 107
What are the prime factors of 2932?
2, 733
List the prime factors of 16931.
16931
What are the prime factors of 2934?
2, 3, 163
What are the prime factors of 58103?
97, 599
List the prime factors of 55602.
2, 3, 3089
What are the prime factors of 632?
2, 79
What are the prime factors of 1133?
11, 103
List the prime factors of 1662.
2, 3, 277
What are the prime factors of 5617?
41, 137
What are the prime factors of 993?
3, 331
What are the prime factors of 96959?
96959
List the prime factors of 2183.
37, 59
What are the prime factors of 828?
2, 3, 23
List the prime factors of 33627.
3, 11, 1019
What are the prime factors of 451?
11, 41
List the prime factors of 5806.
2, 2903
What are the prime factors of 2150?
2, 5, 43
What are the prime factors of 2292?
2, 3, 191
List the prime factors of 22319.
11, 2029
What are the prime factors of 17832?
2, 3, 743
What are the prime factors of 45965?
5, 29, 317
What are the prime factors of 6833?
6833
List the prime factors of 8075.
5, 17, 19
What are the prime factors of 337?
337
What are the prime factors of 7770?
2, 3, 5, 7, 37
List the prime factors of 15720.
2, 3, 5, 131
What are the prime factors of 2483?
13, 191
List the prime factors of 17868.
2, 3, 1489
What are the prime factors of 41364?
2, 3, 383
What are the prime factors of 789?
3, 263
What are the prime factors of 14501?
17, 853
What are the prime factors of 3726?
2, 3, 23
What are the prime factors of 2216?
2, 277
What are the prime factors of 2322?
2, 3, 43
What are the prime factors of 333?
3, 37
What are the prime factors of 859?
859
What are the prime factors of 442?
2, 13, 17
What are the prime factors of 4665?
3, 5, 311
List the prime factors of 27636.
2, 3, 7, 47
What are the prime factors of 4966?
2, 13, 191
List the prime factors of 50710.
2, 5, 11, 461
What are the prime factors of 10065?
3, 5, 11, 61
What are the prime factors of 14885?
5, 13, 229
List the prime factors of 4024.
2, 503
List the prime factors of 1237.
1237
List the prime factors of 5917.
61, 97
List the prime factors of 1870.
2, 5, 11, 17
What are the prime factors of 733?
733
What are the prime factors of 1232?
2, 7, 11
What are the prime factors of 897?
3, 13, 23
List the prime factors of 740.
2, 5, 37
What are the prime factors of 102?
2, 3, 17
What are the prime factors of 3638?
2, 17, 107
What are the prime factors of 70295?
5, 17, 827
List the prime factors of 583.
11, 53
What are the prime factors of 14970?
2, 3, 5, 499
What are the prime factors of 17833?
17, 1049
List the prime factors of 80551.
10